{"id":5085,"date":"2026-01-20T15:26:56","date_gmt":"2026-01-20T15:26:56","guid":{"rendered":"https:\/\/www.a-faid.org\/?page_id=5085"},"modified":"2026-01-20T17:10:26","modified_gmt":"2026-01-20T17:10:26","slug":"a-quoi-sert-ladhesion","status":"publish","type":"page","link":"https:\/\/www.a-faid.org\/index.php\/a-quoi-sert-ladhesion\/","title":{"rendered":"A quoi sert l&rsquo;adh\u00e9sion ?"},"content":{"rendered":"\t\t<div data-elementor-type=\"wp-page\" data-elementor-id=\"5085\" class=\"elementor elementor-5085\">\n\t\t\t\t<div class=\"elementor-element elementor-element-4d2484d e-flex e-con-boxed e-con e-parent\" data-id=\"4d2484d\" data-element_type=\"container\">\n\t\t\t\t\t<div class=\"e-con-inner\">\n\t\t\t\t<div class=\"elementor-element elementor-element-689ea02 elementor-widget elementor-widget-tp-heading\" data-id=\"689ea02\" data-element_type=\"widget\" data-widget_type=\"tp-heading.default\">\n\t\t\t\t<div class=\"elementor-widget-container\">\n\t\t\t\t\t\r\n\r\n\r\n<div class=\"tp-team-2__section-title\">\r\n\t<span class=\"tp-section-subtitle-2\">Nous rejoindre<\/span>\r\n\t\t<h2 class=\"tp-section-title tp-el-title\">A quoi sert l'adh\u00e9sion ?<\/h2><\/div>\r\n\r\n\t\t\t\t<\/div>\n\t\t\t\t<\/div>\n\t\t\t\t\t<\/div>\n\t\t\t\t<\/div>\n\t\t<div class=\"elementor-element elementor-element-2aab96d e-con-full e-flex e-con e-parent\" data-id=\"2aab96d\" data-element_type=\"container\">\n\t\t\t\t<div class=\"elementor-element elementor-element-ad9c696 elementor-widget elementor-widget-image\" data-id=\"ad9c696\" data-element_type=\"widget\" data-widget_type=\"image.default\">\n\t\t\t\t\t\t\t\t\t\t\t\t\t\t\t<img fetchpriority=\"high\" decoding=\"async\" width=\"1000\" height=\"667\" src=\"https:\/\/www.a-faid.org\/wp-content\/uploads\/2026\/01\/cheerful-african-american-woman-using-credit-card-2026-01-08-23-14-47-utc.png\" class=\"attachment-1536x1536 size-1536x1536 wp-image-5091\" alt=\"\" srcset=\"https:\/\/www.a-faid.org\/wp-content\/uploads\/2026\/01\/cheerful-african-american-woman-using-credit-card-2026-01-08-23-14-47-utc.png 1000w, https:\/\/www.a-faid.org\/wp-content\/uploads\/2026\/01\/cheerful-african-american-woman-using-credit-card-2026-01-08-23-14-47-utc-300x200.png 300w, https:\/\/www.a-faid.org\/wp-content\/uploads\/2026\/01\/cheerful-african-american-woman-using-credit-card-2026-01-08-23-14-47-utc-768x512.png 768w, https:\/\/www.a-faid.org\/wp-content\/uploads\/2026\/01\/cheerful-african-american-woman-using-credit-card-2026-01-08-23-14-47-utc-600x400.png 600w\" sizes=\"(max-width: 1000px) 100vw, 1000px\" \/>\t\t\t\t\t\t\t\t\t\t\t\t\t\t\t<\/div>\n\t\t\t\t<\/div>\n\t\t<div class=\"elementor-element elementor-element-ee91a7d e-flex e-con-boxed e-con e-parent\" data-id=\"ee91a7d\" data-element_type=\"container\">\n\t\t\t\t\t<div class=\"e-con-inner\">\n\t\t\t\t<div class=\"elementor-element elementor-element-a5086c4 elementor-widget elementor-widget-spacer\" data-id=\"a5086c4\" data-element_type=\"widget\" data-widget_type=\"spacer.default\">\n\t\t\t\t\t\t\t<div class=\"elementor-spacer\">\n\t\t\t<div class=\"elementor-spacer-inner\"><\/div>\n\t\t<\/div>\n\t\t\t\t\t\t<\/div>\n\t\t\t\t\t<\/div>\n\t\t\t\t<\/div>\n\t\t<div class=\"elementor-element elementor-element-1e9fdc9 e-con-full e-flex e-con e-parent\" data-id=\"1e9fdc9\" data-element_type=\"container\">\n\t\t\t\t<div class=\"elementor-element elementor-element-ec60ace elementor-widget elementor-widget-text-editor\" data-id=\"ec60ace\" data-element_type=\"widget\" data-widget_type=\"text-editor.default\">\n\t\t\t\t\t\t\t\t\t<p><strong>Investissez dans votre r\u00e9seau !<\/strong><\/p><p>Parce que votre r\u00e9ussite m\u00e9rite le meilleur entourage, nous vous proposons trois modes de r\u00e8glement flexibles pour votre cotisation :<\/p><ol><li>\u200b<strong>100 \u20ac par an (Soit moins de 9\u20ac\/mois pour un acc\u00e8s illimit\u00e9 !)<\/strong><br \/><strong>\u200b55 \u20ac par semestre<\/strong><br \/><strong>\u200b30 \u20ac par trimestre<\/strong><\/li><\/ol><p>\u200bLe saviez-vous ? La formule annuelle vous permet d&rsquo;<strong>\u00e9conomiser 20 \u20ac<\/strong> sur l&rsquo;ann\u00e9e par rapport au tarif trimestriel.<\/p>\t\t\t\t\t\t\t\t<\/div>\n\t\t\t\t<\/div>\n\t\t\t\t<\/div>\n\t\t","protected":false},"excerpt":{"rendered":"<p>Nous rejoindre A quoi sert l&rsquo;adh\u00e9sion ? Investissez dans votre r\u00e9seau ! Parce que votre r\u00e9ussite m\u00e9rite le meilleur entourage, nous vous proposons trois modes de r\u00e8glement flexibles pour votre cotisation : \u200b100 \u20ac par an (Soit moins de 9\u20ac\/mois pour un acc\u00e8s illimit\u00e9 !)\u200b55 \u20ac par semestre\u200b30 \u20ac par trimestre \u200bLe saviez-vous ? La [&hellip;]<\/p>\n","protected":false},"author":1,"featured_media":0,"parent":0,"menu_order":0,"comment_status":"closed","ping_status":"closed","template":"","meta":{"_monsterinsights_skip_tracking":false,"_monsterinsights_sitenote_active":false,"_monsterinsights_sitenote_note":"","_monsterinsights_sitenote_category":0,"footnotes":""},"class_list":["post-5085","page","type-page","status-publish","hentry"],"aioseo_notices":[],"_links":{"self":[{"href":"https:\/\/www.a-faid.org\/index.php\/wp-json\/wp\/v2\/pages\/5085","targetHints":{"allow":["GET"]}}],"collection":[{"href":"https:\/\/www.a-faid.org\/index.php\/wp-json\/wp\/v2\/pages"}],"about":[{"href":"https:\/\/www.a-faid.org\/index.php\/wp-json\/wp\/v2\/types\/page"}],"author":[{"embeddable":true,"href":"https:\/\/www.a-faid.org\/index.php\/wp-json\/wp\/v2\/users\/1"}],"replies":[{"embeddable":true,"href":"https:\/\/www.a-faid.org\/index.php\/wp-json\/wp\/v2\/comments?post=5085"}],"version-history":[{"count":12,"href":"https:\/\/www.a-faid.org\/index.php\/wp-json\/wp\/v2\/pages\/5085\/revisions"}],"predecessor-version":[{"id":5103,"href":"https:\/\/www.a-faid.org\/index.php\/wp-json\/wp\/v2\/pages\/5085\/revisions\/5103"}],"wp:attachment":[{"href":"https:\/\/www.a-faid.org\/index.php\/wp-json\/wp\/v2\/media?parent=5085"}],"curies":[{"name":"wp","href":"https:\/\/api.w.org\/{rel}","templated":true}]}}