{"id":4562,"date":"2025-10-16T12:25:32","date_gmt":"2025-10-16T12:25:32","guid":{"rendered":"https:\/\/www.a-faid.org\/?page_id=4562"},"modified":"2025-10-31T06:40:29","modified_gmt":"2025-10-31T06:40:29","slug":"presentation","status":"publish","type":"page","link":"https:\/\/www.a-faid.org\/index.php\/presentation\/","title":{"rendered":"Pr\u00e9sentation"},"content":{"rendered":"\t\t<div data-elementor-type=\"wp-page\" data-elementor-id=\"4562\" class=\"elementor elementor-4562\">\n\t\t\t\t<div class=\"elementor-element elementor-element-cdc5cf6 e-flex e-con-boxed e-con e-parent\" data-id=\"cdc5cf6\" data-element_type=\"container\">\n\t\t\t\t\t<div class=\"e-con-inner\">\n\t\t\t\t<div class=\"elementor-element elementor-element-8885981 elementor-widget elementor-widget-spacer\" data-id=\"8885981\" data-element_type=\"widget\" data-widget_type=\"spacer.default\">\n\t\t\t\t\t\t\t<div class=\"elementor-spacer\">\n\t\t\t<div class=\"elementor-spacer-inner\"><\/div>\n\t\t<\/div>\n\t\t\t\t\t\t<\/div>\n\t\t\t\t\t<\/div>\n\t\t\t\t<\/div>\n\t\t<div class=\"elementor-element elementor-element-72c28c2 e-flex e-con-boxed e-con e-parent\" data-id=\"72c28c2\" data-element_type=\"container\">\n\t\t\t\t\t<div class=\"e-con-inner\">\n\t\t<div class=\"elementor-element elementor-element-80cbeee e-con-full e-flex e-con e-child\" data-id=\"80cbeee\" data-element_type=\"container\">\n\t\t\t\t<div class=\"elementor-element elementor-element-2314bfa elementor-widget elementor-widget-image\" data-id=\"2314bfa\" data-element_type=\"widget\" data-widget_type=\"image.default\">\n\t\t\t\t\t\t\t\t\t\t\t\t\t\t\t<img fetchpriority=\"high\" decoding=\"async\" width=\"300\" height=\"300\" src=\"https:\/\/www.a-faid.org\/wp-content\/uploads\/2025\/10\/img_presa.png\" class=\"attachment-medium size-medium wp-image-4659\" alt=\"\" srcset=\"https:\/\/www.a-faid.org\/wp-content\/uploads\/2025\/10\/img_presa.png 300w, https:\/\/www.a-faid.org\/wp-content\/uploads\/2025\/10\/img_presa-150x150.png 150w, https:\/\/www.a-faid.org\/wp-content\/uploads\/2025\/10\/img_presa-100x100.png 100w\" sizes=\"(max-width: 300px) 100vw, 300px\" \/>\t\t\t\t\t\t\t\t\t\t\t\t\t\t\t<\/div>\n\t\t\t\t<\/div>\n\t\t<div class=\"elementor-element elementor-element-bcf41e3 e-con-full e-flex e-con e-child\" data-id=\"bcf41e3\" data-element_type=\"container\">\n\t\t\t\t<div class=\"elementor-element elementor-element-c01c665 elementor-widget elementor-widget-text-editor\" data-id=\"c01c665\" data-element_type=\"widget\" data-widget_type=\"text-editor.default\">\n\t\t\t\t\t\t\t\t\t<p>L\u2019Association des Femmes Africaines Influentes de la Diaspora en abr\u00e9g\u00e9e FAID, est un mouvement transnational qui connecte, \u00e9l\u00e8ve et propulse les femmes africaines de la diaspora.<\/p><p>Notre objectif principal est de f\u00e9d\u00e9rer les femmes de la diaspora en vue de leur implication dans le developpement de leurs pays d\u2019origine. Il s\u2019agit de favoriser les \u00e9changes de tout ordre entre ces femmes du Nord et du Sud.<\/p><p>La FAID est donc bien plus qu\u2019une association\u00a0; \u00a0c\u2019est \u00a0surtout une force d\u2019influence, d\u2019action et de transmission interg\u00e9n\u00e9rationnelle. Nous rassemblons en notre sein des femmes visionnaires, professionnelles, entrepreneures, artistes, militantes et b\u00e2tisseuses de changement, issus de la diaspora africaines ou non.<\/p>\t\t\t\t\t\t\t\t<\/div>\n\t\t\t\t<\/div>\n\t\t\t\t\t<\/div>\n\t\t\t\t<\/div>\n\t\t<div class=\"elementor-element elementor-element-11d16cd e-flex e-con-boxed e-con e-parent\" data-id=\"11d16cd\" data-element_type=\"container\">\n\t\t\t\t\t<div class=\"e-con-inner\">\n\t\t\t\t<div class=\"elementor-element elementor-element-10aa75b elementor-widget elementor-widget-spacer\" data-id=\"10aa75b\" data-element_type=\"widget\" data-widget_type=\"spacer.default\">\n\t\t\t\t\t\t\t<div class=\"elementor-spacer\">\n\t\t\t<div class=\"elementor-spacer-inner\"><\/div>\n\t\t<\/div>\n\t\t\t\t\t\t<\/div>\n\t\t\t\t\t<\/div>\n\t\t\t\t<\/div>\n\t\t<div class=\"elementor-element elementor-element-82f3abd e-flex e-con-boxed e-con e-parent\" data-id=\"82f3abd\" data-element_type=\"container\">\n\t\t\t\t\t<div class=\"e-con-inner\">\n\t\t\t\t<div class=\"elementor-element elementor-element-f4252e1 elementor-widget elementor-widget-tp-heading\" data-id=\"f4252e1\" data-element_type=\"widget\" data-widget_type=\"tp-heading.default\">\n\t\t\t\t<div class=\"elementor-widget-container\">\n\t\t\t\t\t\r\n\r\n\r\n<div class=\"row align-items-end\">\r\n\t<div class=\"col-xl-6 col-lg-6 col-md-6\">\r\n\t\t<div class=\"tp-donate-2__section-title\">\r\n\t\t\t\t\t\t\t<span class=\"tp-section-subtitle-2\">MISSION DE LA FAID<\/span>\r\n\t\t\t\t\t\t<h2 class=\"tp-section-title tp-el-title\">Notre raison d'\u00eatre<\/h2>\t\t<\/div>\r\n\t<\/div>\r\n\t\t<div class=\"col-xl-6 col-lg-6 col-md-6\">\r\n\t\t<div class=\"tp-donate-2__right-text\">\r\n\t\t\t<p><br><br>B\u00e2tir un r\u00e9seau solide des femmes influentes par un partage d\u2019exp\u00e9riences et de parrainage afin de permettre aux membres de la FAID, d\u2019\u00eatre visible sur le continent, de prendre des positions et impacter de mani\u00e8re positive leurs r\u00e9gions, leurs pays d\u2019origine dans tous les domaines et secteurs d\u2019activit\u00e9s. <\/p>\r\n\t\t<\/div>\r\n\t<\/div>\r\n\t\r\n<\/div>\r\n\r\n\t\t\t\t<\/div>\n\t\t\t\t<\/div>\n\t\t\t\t\t<\/div>\n\t\t\t\t<\/div>\n\t\t<div class=\"elementor-element elementor-element-9044d2d e-flex e-con-boxed e-con e-parent\" data-id=\"9044d2d\" data-element_type=\"container\">\n\t\t\t\t\t<div class=\"e-con-inner\">\n\t\t\t\t<div class=\"elementor-element elementor-element-caae1c6 elementor-widget elementor-widget-spacer\" data-id=\"caae1c6\" data-element_type=\"widget\" data-widget_type=\"spacer.default\">\n\t\t\t\t\t\t\t<div class=\"elementor-spacer\">\n\t\t\t<div class=\"elementor-spacer-inner\"><\/div>\n\t\t<\/div>\n\t\t\t\t\t\t<\/div>\n\t\t\t\t\t<\/div>\n\t\t\t\t<\/div>\n\t\t\t\t<\/div>\n\t\t","protected":false},"excerpt":{"rendered":"<p>L\u2019Association des Femmes Africaines Influentes de la Diaspora en abr\u00e9g\u00e9e FAID, est un mouvement transnational qui connecte, \u00e9l\u00e8ve et propulse les femmes africaines de la diaspora. Notre objectif principal est de f\u00e9d\u00e9rer les femmes de la diaspora en vue de leur implication dans le developpement de leurs pays d\u2019origine. Il s\u2019agit de favoriser les \u00e9changes [&hellip;]<\/p>\n","protected":false},"author":1,"featured_media":0,"parent":0,"menu_order":0,"comment_status":"closed","ping_status":"closed","template":"elementor_header_footer","meta":{"_monsterinsights_skip_tracking":false,"_monsterinsights_sitenote_active":false,"_monsterinsights_sitenote_note":"","_monsterinsights_sitenote_category":0,"footnotes":""},"class_list":["post-4562","page","type-page","status-publish","hentry"],"aioseo_notices":[],"_links":{"self":[{"href":"https:\/\/www.a-faid.org\/index.php\/wp-json\/wp\/v2\/pages\/4562","targetHints":{"allow":["GET"]}}],"collection":[{"href":"https:\/\/www.a-faid.org\/index.php\/wp-json\/wp\/v2\/pages"}],"about":[{"href":"https:\/\/www.a-faid.org\/index.php\/wp-json\/wp\/v2\/types\/page"}],"author":[{"embeddable":true,"href":"https:\/\/www.a-faid.org\/index.php\/wp-json\/wp\/v2\/users\/1"}],"replies":[{"embeddable":true,"href":"https:\/\/www.a-faid.org\/index.php\/wp-json\/wp\/v2\/comments?post=4562"}],"version-history":[{"count":10,"href":"https:\/\/www.a-faid.org\/index.php\/wp-json\/wp\/v2\/pages\/4562\/revisions"}],"predecessor-version":[{"id":4823,"href":"https:\/\/www.a-faid.org\/index.php\/wp-json\/wp\/v2\/pages\/4562\/revisions\/4823"}],"wp:attachment":[{"href":"https:\/\/www.a-faid.org\/index.php\/wp-json\/wp\/v2\/media?parent=4562"}],"curies":[{"name":"wp","href":"https:\/\/api.w.org\/{rel}","templated":true}]}}

Présentation

<div data-elementor-type="wp-page" data-elementor-id="4562" class="elementor elementor-4562">
				<div class="elementor-element elementor-element-cdc5cf6 e-flex e-con-boxed e-con e-parent" data-id="cdc5cf6" data-element_type="container">
					<div class="e-con-inner">
				<div class="elementor-element elementor-element-8885981 elementor-widget elementor-widget-spacer" data-id="8885981" data-element_type="widget" data-widget_type="spacer.default">
							<div class="elementor-spacer">
			<div class="elementor-spacer-inner"></div>
		</div>
						</div>
					</div>
				</div>
		<div class="elementor-element elementor-element-72c28c2 e-flex e-con-boxed e-con e-parent" data-id="72c28c2" data-element_type="container">
					<div class="e-con-inner">
		<div class="elementor-element elementor-element-80cbeee e-con-full e-flex e-con e-child" data-id="80cbeee" data-element_type="container">
				<div class="elementor-element elementor-element-2314bfa elementor-widget elementor-widget-image" data-id="2314bfa" data-element_type="widget" data-widget_type="image.default">
															<img fetchpriority="high" decoding="async" width="300" height="300" src="https://www.a-faid.org/wp-content/uploads/2025/10/img_presa.png" class="attachment-medium size-medium wp-image-4659" alt="" srcset="https://www.a-faid.org/wp-content/uploads/2025/10/img_presa.png 300w, https://www.a-faid.org/wp-content/uploads/2025/10/img_presa-150x150.png 150w, https://www.a-faid.org/wp-content/uploads/2025/10/img_presa-100x100.png 100w" sizes="(max-width: 300px) 100vw, 300px" />															</div>
				</div>
		<div class="elementor-element elementor-element-bcf41e3 e-con-full e-flex e-con e-child" data-id="bcf41e3" data-element_type="container">
				<div class="elementor-element elementor-element-c01c665 elementor-widget elementor-widget-text-editor" data-id="c01c665" data-element_type="widget" data-widget_type="text-editor.default">
									<p>L’Association des Femmes Africaines Influentes de la Diaspora en abrégée FAID, est un mouvement transnational qui connecte, élève et propulse les femmes africaines de la diaspora.</p><p>Notre objectif principal est de fédérer les femmes de la diaspora en vue de leur implication dans le developpement de leurs pays d’origine. Il s’agit de favoriser les échanges de tout ordre entre ces femmes du Nord et du Sud.</p><p>La FAID est donc bien plus qu’une association ;  c’est  surtout une force d’influence, d’action et de transmission intergénérationnelle. Nous rassemblons en notre sein des femmes visionnaires, professionnelles, entrepreneures, artistes, militantes et bâtisseuses de changement, issus de la diaspora africaines ou non.</p>								</div>
				</div>
					</div>
				</div>
		<div class="elementor-element elementor-element-11d16cd e-flex e-con-boxed e-con e-parent" data-id="11d16cd" data-element_type="container">
					<div class="e-con-inner">
				<div class="elementor-element elementor-element-10aa75b elementor-widget elementor-widget-spacer" data-id="10aa75b" data-element_type="widget" data-widget_type="spacer.default">
							<div class="elementor-spacer">
			<div class="elementor-spacer-inner"></div>
		</div>
						</div>
					</div>
				</div>
		<div class="elementor-element elementor-element-82f3abd e-flex e-con-boxed e-con e-parent" data-id="82f3abd" data-element_type="container">
					<div class="e-con-inner">
				<div class="elementor-element elementor-element-f4252e1 elementor-widget elementor-widget-tp-heading" data-id="f4252e1" data-element_type="widget" data-widget_type="tp-heading.default">
				<div class="elementor-widget-container">
					


<div class="row align-items-end">
	<div class="col-xl-6 col-lg-6 col-md-6">
		<div class="tp-donate-2__section-title">
							<span class="tp-section-subtitle-2">MISSION DE LA FAID</span>
						<h2 class="tp-section-title tp-el-title">Notre raison d'être</h2>		</div>
	</div>
		<div class="col-xl-6 col-lg-6 col-md-6">
		<div class="tp-donate-2__right-text">
			<p><br><br>Bâtir un réseau solide des femmes influentes par un partage d’expériences et de parrainage afin de permettre aux membres de la FAID, d’être visible sur le continent, de prendre des positions et impacter de manière positive leurs régions, leurs pays d’origine dans tous les domaines et secteurs d’activités. </p>
		</div>
	</div>
	
</div>

				</div>
				</div>
					</div>
				</div>
		<div class="elementor-element elementor-element-9044d2d e-flex e-con-boxed e-con e-parent" data-id="9044d2d" data-element_type="container">
					<div class="e-con-inner">
				<div class="elementor-element elementor-element-caae1c6 elementor-widget elementor-widget-spacer" data-id="caae1c6" data-element_type="widget" data-widget_type="spacer.default">
							<div class="elementor-spacer">
			<div class="elementor-spacer-inner"></div>
		</div>
						</div>
					</div>
				</div>
				</div>

<p>L’Association des Femmes Africaines Influentes de la Diaspora en abrégée FAID, est un mouvement transnational qui connecte, élève et propulse les femmes africaines de la diaspora. Notre objectif principal est de fédérer les femmes de la diaspora en vue de leur implication dans le developpement de leurs pays d’origine. Il s’agit de favoriser les échanges [&hellip;]</p>
